{"id":1027,"date":"2022-11-26T15:54:57","date_gmt":"2022-11-26T14:54:57","guid":{"rendered":"https:\/\/migract.msh-vdl.fr\/?page_id=1027"},"modified":"2023-09-19T13:19:14","modified_gmt":"2023-09-19T11:19:14","slug":"le-pain","status":"publish","type":"page","link":"https:\/\/migract.msh-vdl.fr\/?page_id=1027","title":{"rendered":"Ressources compl\u00e9mentaires pour l&rsquo;atelier pain"},"content":{"rendered":"<p><span style=\"color: #3366ff;\"><strong>Francis Ponge \u2013 \u00ab\u00a0Le Pain\u00a0\u00bb, <em>Le Parti pris des choses<\/em>, 1942<\/strong><\/span><\/p>\n<p>La surface du pain est merveilleuse<br \/>\nd&rsquo;abord \u00e0 cause de cette impression quasi panoramique<br \/>\nqu&rsquo;elle donne : comme si l&rsquo;on avait \u00e0 sa disposition<br \/>\nsous la main les Alpes, le Taurus ou la Cordill\u00e8re<br \/>\ndes Andes. Ainsi donc une masse amorphe en train d&rsquo;\u00e9ructer<br \/>\nfut gliss\u00e9e pour nous dans le four stellaire, o\u00f9<br \/>\ndurcissant elle s&rsquo;est fa\u00e7onn\u00e9e en vall\u00e9es,<br \/>\ncr\u00eates, ondulations, crevasses\u2026 Et tous ces plans<br \/>\nd\u00e8s lors si nettement articul\u00e9s, ces dalles<br \/>\nminces o\u00f9 la lumi\u00e8re avec application couche<br \/>\nses feux, \u2013 sans un regard pour la mollesse ignoble sous-jacente.<br \/>\nCe l\u00e2che et froid sous-sol que l&rsquo;on nomme la mie a<br \/>\nson tissu pareil \u00e0 celui des \u00e9ponges : feuilles<br \/>\nou fleurs y sont comme des s\u0153urs siamoises soud\u00e9es<br \/>\npar tous les coudes \u00e0 la fois. Lorsque le pain rassit<br \/>\nces fleurs fanent et se r\u00e9tr\u00e9cissent : elles<br \/>\nse d\u00e9tachent alors les unes des autres, et la masse<br \/>\nen devient friable\u2026 Mais brisons-la : car le pain doit<br \/>\n\u00eatre dans notre bouche moins objet de respect que<br \/>\nde consommation.<\/p>\n<p>(Francis Ponge, Montpellier, 27 March 1899 \u2013 6 August 1988)<\/p>\n<p><em>Le Parti pris des choses<\/em>, 1942<\/p>\n<p><a style=\"color: #000000;\" href=\"https:\/\/www.youtube.com\/watch?v=W0dbhCmV1yY\">Po\u00e8me lu par Ponge<\/a><\/p>\n<p><strong><span style=\"color: #3366ff;\">Mes pains comme \u00ab\u00a0paysage\u00a0\u00bb de ma vie<\/span><\/strong><\/p>\n<p><strong><span style=\"color: #ff6600;\"><a style=\"color: #ff6600;\" href=\"https:\/\/migract.msh-vdl.fr\/?page_id=1022\">page projet 2023<\/a><\/span><\/strong><\/p>\n","protected":false},"excerpt":{"rendered":"<p>Francis Ponge \u2013 \u00ab\u00a0Le Pain\u00a0\u00bb, Le Parti pris des choses, 1942 La surface du pain est merveilleuse d&rsquo;abord \u00e0 cause de cette impression quasi panoramique qu&rsquo;elle donne : comme si l&rsquo;on avait \u00e0 sa disposition sous la main les Alpes, le Taurus ou la Cordill\u00e8re des Andes. Ainsi donc une masse amorphe en train d&rsquo;\u00e9ructer &hellip; <\/p>\n<p class=\"link-more\"><a href=\"https:\/\/migract.msh-vdl.fr\/?page_id=1027\" class=\"more-link\">Continuer la lecture<span class=\"screen-reader-text\"> de &laquo;&nbsp;Ressources compl\u00e9mentaires pour l&rsquo;atelier pain&nbsp;&raquo;<\/span><\/a><\/p>\n","protected":false},"author":2,"featured_media":0,"parent":0,"menu_order":0,"comment_status":"closed","ping_status":"closed","template":"","meta":{"_price":"","_stock":"","_tribe_ticket_header":"","_tribe_default_ticket_provider":"","_ticket_start_date":"","_ticket_end_date":"","_tribe_ticket_show_description":"","_tribe_ticket_show_not_going":false,"_tribe_ticket_use_global_stock":"","_tribe_ticket_global_stock_level":"","_global_stock_mode":"","_global_stock_cap":"","_tribe_rsvp_for_event":"","_tribe_ticket_going_count":"","_tribe_ticket_not_going_count":"","_tribe_tickets_list":"[]","_tribe_ticket_has_attendee_info_fields":false,"_mc_calendar":[],"footnotes":"","_tec_slr_enabled":"","_tec_slr_layout":""},"class_list":["post-1027","page","type-page","status-publish","hentry"],"ticketed":false,"_links":{"self":[{"href":"https:\/\/migract.msh-vdl.fr\/index.php?rest_route=\/wp\/v2\/pages\/1027","targetHints":{"allow":["GET"]}}],"collection":[{"href":"https:\/\/migract.msh-vdl.fr\/index.php?rest_route=\/wp\/v2\/pages"}],"about":[{"href":"https:\/\/migract.msh-vdl.fr\/index.php?rest_route=\/wp\/v2\/types\/page"}],"author":[{"embeddable":true,"href":"https:\/\/migract.msh-vdl.fr\/index.php?rest_route=\/wp\/v2\/users\/2"}],"replies":[{"embeddable":true,"href":"https:\/\/migract.msh-vdl.fr\/index.php?rest_route=%2Fwp%2Fv2%2Fcomments&post=1027"}],"version-history":[{"count":12,"href":"https:\/\/migract.msh-vdl.fr\/index.php?rest_route=\/wp\/v2\/pages\/1027\/revisions"}],"predecessor-version":[{"id":2484,"href":"https:\/\/migract.msh-vdl.fr\/index.php?rest_route=\/wp\/v2\/pages\/1027\/revisions\/2484"}],"wp:attachment":[{"href":"https:\/\/migract.msh-vdl.fr\/index.php?rest_route=%2Fwp%2Fv2%2Fmedia&parent=1027"}],"curies":[{"name":"wp","href":"https:\/\/api.w.org\/{rel}","templated":true}]}}