{"id":1079,"date":"2022-12-05T11:53:17","date_gmt":"2022-12-05T10:53:17","guid":{"rendered":"https:\/\/migract.msh-vdl.fr\/?page_id=1079"},"modified":"2022-12-05T12:30:51","modified_gmt":"2022-12-05T11:30:51","slug":"ateliers-1-pratique-plastique-portraits-alimentaires-en-lien-avec-des-recettes-familiales","status":"publish","type":"page","link":"https:\/\/migract.msh-vdl.fr\/?page_id=1079","title":{"rendered":"Ateliers 1 &#8211; projet 2023"},"content":{"rendered":"<p><span style=\"color: #ff6600;\"><strong>Pratique plastique \u00ab portraits alimentaires \u00bb en lien avec des recettes familiales<\/strong><\/span><\/p>\n<h3><strong>En amont de l&rsquo;atelier 1<\/strong><\/h3>\n<ol>\n<li>rencontre avec les familles<\/li>\n<li>consigne : \u00ab\u00a0partager la recette d&rsquo;un plat familial\u00a0\u00bb &#8211; nous savons que le mot recette ne sera pas interpr\u00e9t\u00e9 de la m\u00eame mani\u00e8re (1er \u00e9l\u00e9ment culturel observ\u00e9) +\u00a0possibilit\u00e9 d&rsquo;utiliser des mots dans d&rsquo;autres langues que le fran\u00e7ais, des images (photos, vid\u00e9os, dessins), des sons ((2eme \u00e9l\u00e9ment culturel observ\u00e9)<\/li>\n<li>\u00a0liste d&rsquo;ingr\u00e9dients \u00e9tablie avec les \u00e9l\u00e8ves : images des ingr\u00e9dients et \u00ab\u00a0vrais\u00a0\u00bb ingr\u00e9dients apport\u00e9s en classe<\/li>\n<\/ol>\n<p><strong>Organisation &#8211; interventions de l&rsquo;artiste<\/strong><\/p>\n<table width=\"781\">\n<tbody>\n<tr>\n<td width=\"236\"><strong>La Source<\/strong><\/td>\n<td width=\"208\"><strong>Olivet<\/strong><\/td>\n<td width=\"201\"><strong>Jean-Rostand (UPE2A)<\/strong><\/td>\n<td width=\"136\"><strong>La Loupe<\/strong><\/td>\n<\/tr>\n<tr>\n<td width=\"236\">lundi\u00a028\u00a0\u00a0apr\u00e8s-midi<\/p>\n<p>mardi\u00a029 apr\u00e8s-midi<\/td>\n<td width=\"208\">Lundi\u00a028 matin<\/p>\n<p>Mercredi\u00a030 matin<\/td>\n<td width=\"201\">mardi\u00a029 novembre\u00a010-12h\u00a0jeudi\u00a01<sup>er<\/sup>\u00a0dec.\u00a09-12h<\/td>\n<td width=\"136\"><\/td>\n<\/tr>\n<tr>\n<td colspan=\"2\" width=\"444\">vendredi 2 dec. matin : CP + formatrice des adultes d\u2019Olivet<\/td>\n<td width=\"201\"><\/td>\n<td width=\"136\">Podcast +\u00a0visio<\/td>\n<\/tr>\n<tr>\n<td colspan=\"4\" width=\"781\"><strong>Mercredi 30 nov.<\/strong> <strong>2022<\/strong> rencontre \u00e0 mi-parcours 13h30-16h salle Pastek<\/p>\n<ul>\n<li>\u00e9tat des lieux &#8211; ressenti \/ engagement des enseignants dans le projet \u00c9mergences \/ avanc\u00e9e des exp\u00e9rimentations<\/li>\n<li>question des fiches\u00a0<span style=\"font-family: inherit; font-size: inherit;\">p\u00e9dagogiques (arts \/ langage\/interculturalit\u00e9)<\/span><\/li>\n<\/ul>\n<p><strong>samedi 3 dec.<\/strong> 2022 rencontre chercheur\/ artiste \/ASLA<\/p>\n<ul>\n<li>liens avec les autres acteurs du projets<\/li>\n<li>question de la m\u00e9diation scientifique : finalisation 20 juin \/ journ\u00e9e du 5 mai \/veille scientifique (<span style=\"font-family: inherit; font-size: inherit;\">ressources<\/span><span style=\"font-family: inherit; font-size: inherit;\">\u00a0<\/span><span style=\"font-family: inherit; font-size: inherit;\">biliographiques) \/ projets de publications\u00a0<\/span><\/li>\n<\/ul>\n<p><strong>16 dec. 2022<\/strong> : bilan avec les enseignants &#8211; pr\u00e9paration des sessions de janvier \/ organisation pratique des ateliers<\/p>\n<p><strong>17 jan. 2023<\/strong> rencontre chercheurs\/artiste\/enseignants<\/p>\n<ul>\n<li>interventions des chercheurs (pendant et en dehors des ateliers) \/ leurs<\/li>\n<li>choix d&rsquo;une lecture (\u00e9laboration d&rsquo;une liste indicative d&rsquo;articles ?)<\/li>\n<\/ul>\n<\/td>\n<\/tr>\n<\/tbody>\n<\/table>\n<p><strong>Session 1<\/strong><\/p>\n<ol>\n<li>travail de langage en fran\u00e7ais : nommer, \u00e9crire, d\u00e9crire + approche sensible (go\u00fbter, sentir, regarder,\u00a0toucher,\u00a0\u00e9craser, couper, dissoudre&#8230;)<\/li>\n<li><span style=\"font-size: 1rem;\">trier les ingr\u00e9dients connus \/ inconnus &#8211; choisir des ingr\u00e9dients : qui est moi \/ ce qui est toi\u00a0<\/span><\/li>\n<li>dessiner ses ingr\u00e9dients pr\u00e9f\u00e9r\u00e9s<\/li>\n<li><a style=\"color: #000000;\" href=\"https:\/\/www.youtube.com\/watch?v=j5lDnI3_AgA\"><span style=\"color: #ff6600;\"><strong>fabriquer les couleurs<\/strong><\/span><\/a>\u00a0avec les aliments, l\u00e9gumes, \u00e9pices&#8230;<\/li>\n<li>peindre avec les jus r\u00e9alis\u00e9s lors de l&rsquo;approche sensible.<\/li>\n<\/ol>\n<p><strong><a href=\"https:\/\/migract.msh-vdl.fr\/wp-content\/uploads\/2022\/11\/peintures-vegetales-long.jpg\"><img fetchpriority=\"high\" decoding=\"async\" class=\"alignnone size-full wp-image-1037\" src=\"https:\/\/migract.msh-vdl.fr\/wp-content\/uploads\/2022\/11\/peintures-vegetales-long.jpg\" alt=\"\" width=\"635\" height=\"210\" srcset=\"https:\/\/migract.msh-vdl.fr\/wp-content\/uploads\/2022\/11\/peintures-vegetales-long.jpg 635w, https:\/\/migract.msh-vdl.fr\/wp-content\/uploads\/2022\/11\/peintures-vegetales-long-300x99.jpg 300w\" sizes=\"(max-width: 635px) 100vw, 635px\" \/><\/a><\/strong><\/p>\n<p><strong>Session 2<\/strong><\/p>\n<ol>\n<li>Retour sur les productions et les <span style=\"font-size: 1rem;\">ingr\u00e9dients + les associer \u00e0 des pays, des climats, des habitudes culturelles<\/span><\/li>\n<li>nouvelles exp\u00e9rimentations plastiques avec les couleurs et les mati\u00e8res naturelles (<span style=\"font-size: 1rem;\"> toucher \/ sentir \/ \u00e9couter \/ couper \/ \u00e9craser \/ diluer etc.)<\/span><\/li>\n<li>Introduction de la notion de \u00ab\u00a0portraits alimentaires\u00a0\u00bb<\/li>\n<\/ol>\n<p><strong>S\u00e9ance 2<\/strong><\/p>\n<ol>\n<li>mettre des couleurs et des mati\u00e8re issues de ces produits (jus, p\u00e2te que nous aurons fabriqu\u00e9 entre temps) sur les photos\/dessins et r\u00e9aliser un \u00ab\u00a0portrait alimentaire \u00bb<\/li>\n<li>Expliquer sa production : ce que je mange = ce que je suis ?<\/li>\n<\/ol>\n<p><a href=\"https:\/\/migract.msh-vdl.fr\/?page_id=1079\">Retour page projet 2023<\/a><\/p>\n","protected":false},"excerpt":{"rendered":"<p>Pratique plastique \u00ab portraits alimentaires \u00bb en lien avec des recettes familiales En amont de l&rsquo;atelier 1 rencontre avec les familles consigne : \u00ab\u00a0partager la recette d&rsquo;un plat familial\u00a0\u00bb &#8211; nous savons que le mot recette ne sera pas interpr\u00e9t\u00e9 de la m\u00eame mani\u00e8re (1er \u00e9l\u00e9ment culturel observ\u00e9) +\u00a0possibilit\u00e9 d&rsquo;utiliser des mots dans d&rsquo;autres langues &hellip; <\/p>\n<p class=\"link-more\"><a href=\"https:\/\/migract.msh-vdl.fr\/?page_id=1079\" class=\"more-link\">Continuer la lecture<span class=\"screen-reader-text\"> de &laquo;&nbsp;Ateliers 1 &#8211; projet 2023&nbsp;&raquo;<\/span><\/a><\/p>\n","protected":false},"author":2,"featured_media":0,"parent":0,"menu_order":0,"comment_status":"closed","ping_status":"closed","template":"","meta":{"_price":"","_stock":"","_tribe_ticket_header":"","_tribe_default_ticket_provider":"","_ticket_start_date":"","_ticket_end_date":"","_tribe_ticket_show_description":"","_tribe_ticket_show_not_going":false,"_tribe_ticket_use_global_stock":"","_tribe_ticket_global_stock_level":"","_global_stock_mode":"","_global_stock_cap":"","_tribe_rsvp_for_event":"","_tribe_ticket_going_count":"","_tribe_ticket_not_going_count":"","_tribe_tickets_list":"[]","_tribe_ticket_has_attendee_info_fields":false,"_mc_calendar":[],"footnotes":"","_tec_slr_enabled":"","_tec_slr_layout":""},"class_list":["post-1079","page","type-page","status-publish","hentry"],"ticketed":false,"_links":{"self":[{"href":"https:\/\/migract.msh-vdl.fr\/index.php?rest_route=\/wp\/v2\/pages\/1079","targetHints":{"allow":["GET"]}}],"collection":[{"href":"https:\/\/migract.msh-vdl.fr\/index.php?rest_route=\/wp\/v2\/pages"}],"about":[{"href":"https:\/\/migract.msh-vdl.fr\/index.php?rest_route=\/wp\/v2\/types\/page"}],"author":[{"embeddable":true,"href":"https:\/\/migract.msh-vdl.fr\/index.php?rest_route=\/wp\/v2\/users\/2"}],"replies":[{"embeddable":true,"href":"https:\/\/migract.msh-vdl.fr\/index.php?rest_route=%2Fwp%2Fv2%2Fcomments&post=1079"}],"version-history":[{"count":12,"href":"https:\/\/migract.msh-vdl.fr\/index.php?rest_route=\/wp\/v2\/pages\/1079\/revisions"}],"predecessor-version":[{"id":1095,"href":"https:\/\/migract.msh-vdl.fr\/index.php?rest_route=\/wp\/v2\/pages\/1079\/revisions\/1095"}],"wp:attachment":[{"href":"https:\/\/migract.msh-vdl.fr\/index.php?rest_route=%2Fwp%2Fv2%2Fmedia&parent=1079"}],"curies":[{"name":"wp","href":"https:\/\/api.w.org\/{rel}","templated":true}]}}