{"id":1186,"date":"2023-06-15T16:14:09","date_gmt":"2023-06-15T14:14:09","guid":{"rendered":"https:\/\/migract.msh-vdl.fr\/?page_id=1186"},"modified":"2025-12-27T15:38:14","modified_gmt":"2025-12-27T14:38:14","slug":"responsables-du-projet","status":"publish","type":"page","link":"https:\/\/migract.msh-vdl.fr\/?page_id=1186","title":{"rendered":"Responsables du projet"},"content":{"rendered":"\t\t<div data-elementor-type=\"wp-page\" data-elementor-id=\"1186\" class=\"elementor elementor-1186\">\n\t\t\t\t\t\t<section class=\"elementor-section elementor-top-section elementor-element elementor-element-d0f7047 elementor-section-boxed elementor-section-height-default elementor-section-height-default\" data-id=\"d0f7047\" data-element_type=\"section\" data-e-type=\"section\">\n\t\t\t\t\t\t<div class=\"elementor-container elementor-column-gap-default\">\n\t\t\t\t\t<div class=\"elementor-column elementor-col-100 elementor-top-column elementor-element elementor-element-8adb0a6\" data-id=\"8adb0a6\" data-element_type=\"column\" data-e-type=\"column\">\n\t\t\t<div class=\"elementor-widget-wrap elementor-element-populated\">\n\t\t\t\t\t\t<div class=\"elementor-element elementor-element-e761428 elementor-widget elementor-widget-button\" data-id=\"e761428\" data-element_type=\"widget\" data-e-type=\"widget\" data-widget_type=\"button.default\">\n\t\t\t\t<div class=\"elementor-widget-container\">\n\t\t\t\t\t\t\t\t\t<div class=\"elementor-button-wrapper\">\n\t\t\t\t\t<a class=\"elementor-button elementor-button-link elementor-size-sm\" href=\"https:\/\/www.univ-orleans.fr\/en\/remelice\">\n\t\t\t\t\t\t<span class=\"elementor-button-content-wrapper\">\n\t\t\t\t\t\t\t\t\t<span class=\"elementor-button-text\">REMELICE (UR 4709)<\/span>\n\t\t\t\t\t<\/span>\n\t\t\t\t\t<\/a>\n\t\t\t\t<\/div>\n\t\t\t\t\t\t\t\t<\/div>\n\t\t\t\t<\/div>\n\t\t\t\t<div class=\"elementor-element elementor-element-958cdc7 elementor-widget elementor-widget-text-editor\" data-id=\"958cdc7\" data-element_type=\"widget\" data-e-type=\"widget\" data-widget_type=\"text-editor.default\">\n\t\t\t\t<div class=\"elementor-widget-container\">\n\t\t\t\t\t\t\t\t\t<p>Etude des langues et cultures dans une perspective internationale (mondes anglophones, francophones, l&rsquo;Espagne, les pays d&rsquo;Am\u00e9rique Latine, le Japon, la Chine avec des vis\u00e9es comparatives. L\u2019\u00e9quipe interroge les rapports entre m\u00e9dias et politique ou m\u00e9dias et histoire en lien avec les questions connexes qui concernent le rapport \u00e0 l&rsquo;autre, les notions d&rsquo;\u00ab \u00e9tranger\u00a0\u00bb ou d&rsquo;\u00ab\u00a0\u00e9tranget\u00e9\u00a0\u00bb, les h\u00e9ritages culturels, les choix de culture\/langue\/soci\u00e9t\u00e9.<\/p><p><strong>Mots cl\u00e9s\u00a0:<\/strong> Interculturalit\u00e9, transnationalisme, citoyennet\u00e9, d\u00e9centrement, diasporas, transmission, migration et mobilit\u00e9, transm\u00e9dialit\u00e9, insularit\u00e9s, r\u00e9ception, marginalit\u00e9s<\/p>\t\t\t\t\t\t\t\t<\/div>\n\t\t\t\t<\/div>\n\t\t\t\t\t<\/div>\n\t\t<\/div>\n\t\t\t\t\t<\/div>\n\t\t<\/section>\n\t\t\t\t<section class=\"elementor-section elementor-top-section elementor-element elementor-element-bcefea4 elementor-section-boxed elementor-section-height-default elementor-section-height-default\" data-id=\"bcefea4\" data-element_type=\"section\" data-e-type=\"section\">\n\t\t\t\t\t\t<div class=\"elementor-container elementor-column-gap-default\">\n\t\t\t\t\t<div class=\"elementor-column elementor-col-100 elementor-top-column elementor-element elementor-element-029890b\" data-id=\"029890b\" data-element_type=\"column\" data-e-type=\"column\">\n\t\t\t<div class=\"elementor-widget-wrap elementor-element-populated\">\n\t\t\t\t\t\t<div class=\"elementor-element elementor-element-17c8d99 elementor-position-left elementor-vertical-align-top elementor-widget elementor-widget-image-box\" data-id=\"17c8d99\" data-element_type=\"widget\" data-e-type=\"widget\" data-widget_type=\"image-box.default\">\n\t\t\t\t<div class=\"elementor-widget-container\">\n\t\t\t\t\t<div class=\"elementor-image-box-wrapper\"><figure class=\"elementor-image-box-img\"><img decoding=\"async\" width=\"198\" height=\"241\" src=\"https:\/\/migract.msh-vdl.fr\/wp-content\/uploads\/2023\/07\/photoGG2022.jpg\" class=\"attachment-full size-full wp-image-1492\" alt=\"\" \/><\/figure><div class=\"elementor-image-box-content\"><h3 class=\"elementor-image-box-title\">Genevi\u00e8ve Guetemme, MCF-INSPE-CVL, Universit\u00e9 d'Orleans \/ membre du laboratoire REMELICE \/ porteuse du projet<\/h3><p class=\"elementor-image-box-description\">Ma recherche se situe \u00e0 l\u2019intersection des arts plastiques, des langues et des sciences sociales et s\u2019appuie sur la pratique artistique pour proposer des dispositifs inclusifs \u00e0 des publics migrants. Elle d\u00e9veloppe, plus g\u00e9n\u00e9ralement, un questionnement sur le r\u00f4le de l\u2019art dans l\u2019espace \u00e9ducatif et la vie publique.<\/p><\/div><\/div>\t\t\t\t<\/div>\n\t\t\t\t<\/div>\n\t\t\t\t\t<\/div>\n\t\t<\/div>\n\t\t\t\t\t<\/div>\n\t\t<\/section>\n\t\t\t\t<section class=\"elementor-section elementor-top-section elementor-element elementor-element-eabfd29 elementor-section-boxed elementor-section-height-default elementor-section-height-default\" data-id=\"eabfd29\" data-element_type=\"section\" data-e-type=\"section\">\n\t\t\t\t\t\t<div class=\"elementor-container elementor-column-gap-default\">\n\t\t\t\t\t<div class=\"elementor-column elementor-col-100 elementor-top-column elementor-element elementor-element-90fc920\" data-id=\"90fc920\" data-element_type=\"column\" data-e-type=\"column\">\n\t\t\t<div class=\"elementor-widget-wrap elementor-element-populated\">\n\t\t\t\t\t\t<div class=\"elementor-element elementor-element-a5df66e elementor-position-left elementor-vertical-align-top elementor-widget elementor-widget-image-box\" data-id=\"a5df66e\" data-element_type=\"widget\" data-e-type=\"widget\" data-widget_type=\"image-box.default\">\n\t\t\t\t<div class=\"elementor-widget-container\">\n\t\t\t\t\t<div class=\"elementor-image-box-wrapper\"><figure class=\"elementor-image-box-img\"><img fetchpriority=\"high\" decoding=\"async\" width=\"473\" height=\"557\" src=\"https:\/\/migract.msh-vdl.fr\/wp-content\/uploads\/2023\/07\/kerry.jpg\" class=\"attachment-full size-full wp-image-1503\" alt=\"\" \/><\/figure><div class=\"elementor-image-box-content\"><h3 class=\"elementor-image-box-title\">Kerry Jane Wallart, professeure des universit\u00e9s - LLSH, membre du laboratoire REMELICE.<\/h3><p class=\"elementor-image-box-description\">Sp\u00e9cialiste de la Cara\u00efbe anglophone et des diasporas de l\u2019Atlantique Noir, avec une comp\u00e9tence particuli\u00e8re sur les questions de vuln\u00e9rabilit\u00e9, de genre et de performance. <\/span><\/p><\/div><\/div>\t\t\t\t<\/div>\n\t\t\t\t<\/div>\n\t\t\t\t\t<\/div>\n\t\t<\/div>\n\t\t\t\t\t<\/div>\n\t\t<\/section>\n\t\t\t\t<section class=\"elementor-section elementor-top-section elementor-element elementor-element-a64388c elementor-section-boxed elementor-section-height-default elementor-section-height-default\" data-id=\"a64388c\" data-element_type=\"section\" data-e-type=\"section\">\n\t\t\t\t\t\t<div class=\"elementor-container elementor-column-gap-default\">\n\t\t\t\t\t<div class=\"elementor-column elementor-col-100 elementor-top-column elementor-element elementor-element-f62c662\" data-id=\"f62c662\" data-element_type=\"column\" data-e-type=\"column\">\n\t\t\t<div class=\"elementor-widget-wrap elementor-element-populated\">\n\t\t\t\t\t\t<div class=\"elementor-element elementor-element-e87413a elementor-position-left elementor-vertical-align-top elementor-widget elementor-widget-image-box\" data-id=\"e87413a\" data-element_type=\"widget\" data-e-type=\"widget\" data-widget_type=\"image-box.default\">\n\t\t\t\t<div class=\"elementor-widget-container\">\n\t\t\t\t\t<div class=\"elementor-image-box-wrapper\"><figure class=\"elementor-image-box-img\"><img decoding=\"async\" width=\"787\" height=\"807\" src=\"https:\/\/migract.msh-vdl.fr\/wp-content\/uploads\/2023\/07\/Mayumi.jpg\" class=\"attachment-full size-full wp-image-1493\" alt=\"\" \/><\/figure><div class=\"elementor-image-box-content\"><h3 class=\"elementor-image-box-title\">Mayumi Shimosakai, MCF - LLSH, Universit\u00e9 d'Orl\u00e9ans <span style=\"color: var( --e-global-color-primary );font-family: var( --e-global-typography-primary-font-family ), Sans-serif;font-size: 1.375rem;font-weight: var( --e-global-typography-primary-font-weight )\">\/ membre du laboratoire REMELICE<\/span><\/h3><p class=\"elementor-image-box-description\">Recherche en litt\u00e9rature de langue japonaise et plus particuli\u00e8rement sur des r\u00e9cits dli\u00e9s \u00e0 l\u2019immigration cor\u00e9enne et sur ses enjeux.<\/p><\/div><\/div>\t\t\t\t<\/div>\n\t\t\t\t<\/div>\n\t\t\t\t\t<\/div>\n\t\t<\/div>\n\t\t\t\t\t<\/div>\n\t\t<\/section>\n\t\t\t\t<section class=\"elementor-section elementor-top-section elementor-element elementor-element-24bdc29 elementor-section-boxed elementor-section-height-default elementor-section-height-default\" data-id=\"24bdc29\" data-element_type=\"section\" data-e-type=\"section\">\n\t\t\t\t\t\t<div class=\"elementor-container elementor-column-gap-default\">\n\t\t\t\t\t<div class=\"elementor-column elementor-col-100 elementor-top-column elementor-element elementor-element-28134d2\" data-id=\"28134d2\" data-element_type=\"column\" data-e-type=\"column\">\n\t\t\t<div class=\"elementor-widget-wrap elementor-element-populated\">\n\t\t\t\t\t\t<div class=\"elementor-element elementor-element-0a417b7 elementor-position-left elementor-vertical-align-top elementor-widget elementor-widget-image-box\" data-id=\"0a417b7\" data-element_type=\"widget\" data-e-type=\"widget\" data-widget_type=\"image-box.default\">\n\t\t\t\t<div class=\"elementor-widget-container\">\n\t\t\t\t\t<div class=\"elementor-image-box-wrapper\"><figure class=\"elementor-image-box-img\"><img loading=\"lazy\" decoding=\"async\" width=\"983\" height=\"1119\" src=\"https:\/\/migract.msh-vdl.fr\/wp-content\/uploads\/2023\/07\/marcos.png\" class=\"attachment-full size-full wp-image-1494\" alt=\"\" \/><\/figure><div class=\"elementor-image-box-content\"><h3 class=\"elementor-image-box-title\">Marcos Eymar, MCF - LLSH, Universit\u00e9 d'orleans \/ membre du laboratoire REMELICE<br><\/h3><p class=\"elementor-image-box-description\">Recherches en litt\u00e9rature et culture hispaniques centr\u00e9es sur les questions de bilinguisme, la traduction, la m\u00e9diation culturelle et les constructions identitaires.<\/p><\/div><\/div>\t\t\t\t<\/div>\n\t\t\t\t<\/div>\n\t\t\t\t\t<\/div>\n\t\t<\/div>\n\t\t\t\t\t<\/div>\n\t\t<\/section>\n\t\t\t\t<section class=\"elementor-section elementor-top-section elementor-element elementor-element-c2ad594 elementor-section-boxed elementor-section-height-default elementor-section-height-default\" data-id=\"c2ad594\" data-element_type=\"section\" data-e-type=\"section\">\n\t\t\t\t\t\t<div class=\"elementor-container elementor-column-gap-default\">\n\t\t\t\t\t<div class=\"elementor-column elementor-col-100 elementor-top-column elementor-element elementor-element-a0cf3a7\" data-id=\"a0cf3a7\" data-element_type=\"column\" data-e-type=\"column\">\n\t\t\t<div class=\"elementor-widget-wrap elementor-element-populated\">\n\t\t\t\t\t\t<div class=\"elementor-element elementor-element-fa04762 elementor-position-left elementor-vertical-align-top elementor-widget elementor-widget-image-box\" data-id=\"fa04762\" data-element_type=\"widget\" data-e-type=\"widget\" data-widget_type=\"image-box.default\">\n\t\t\t\t<div class=\"elementor-widget-container\">\n\t\t\t\t\t<div class=\"elementor-image-box-wrapper\"><figure class=\"elementor-image-box-img\"><img loading=\"lazy\" decoding=\"async\" width=\"200\" height=\"200\" src=\"https:\/\/migract.msh-vdl.fr\/wp-content\/uploads\/2023\/07\/philippe_bourdier.jpg\" class=\"attachment-full size-full wp-image-1502\" alt=\"\" \/><\/figure><div class=\"elementor-image-box-content\"><h3 class=\"elementor-image-box-title\">Philippe Bourdier, MCF-HDR, INSPE-CVL, Universit\u00e9 d'Orleans, directeur du laboratoire ERCAE <span style=\"color: var( --e-global-color-primary );font-family: var( --e-global-typography-primary-font-family ), Sans-serif;font-size: 1.375rem;font-weight: var( --e-global-typography-primary-font-weight )\"><\/span><br><\/h3><p class=\"elementor-image-box-description\">Chercheur en sciences de l'\u00e9ducation sur les contextes des pratiques d'enseignement et sur les m\u00e9thodes de recherches narratives.<\/p><\/div><\/div>\t\t\t\t<\/div>\n\t\t\t\t<\/div>\n\t\t\t\t\t<\/div>\n\t\t<\/div>\n\t\t\t\t\t<\/div>\n\t\t<\/section>\n\t\t\t\t<\/div>\n\t\t","protected":false},"excerpt":{"rendered":"<p>REMELICE (UR 4709) Etude des langues et cultures dans une perspective internationale (mondes anglophones, francophones, l&rsquo;Espagne, les pays d&rsquo;Am\u00e9rique Latine, le Japon, la Chine avec des vis\u00e9es comparatives. L\u2019\u00e9quipe interroge les rapports entre m\u00e9dias et politique ou m\u00e9dias et histoire en lien avec les questions connexes qui concernent le rapport \u00e0 l&rsquo;autre, les notions d&rsquo;\u00ab &hellip; <\/p>\n<p class=\"link-more\"><a href=\"https:\/\/migract.msh-vdl.fr\/?page_id=1186\" class=\"more-link\">Continuer la lecture<span class=\"screen-reader-text\"> de &laquo;&nbsp;Responsables du projet&nbsp;&raquo;<\/span><\/a><\/p>\n","protected":false},"author":5,"featured_media":0,"parent":0,"menu_order":0,"comment_status":"closed","ping_status":"closed","template":"","meta":{"_price":"","_stock":"","_tribe_ticket_header":"","_tribe_default_ticket_provider":"","_ticket_start_date":"","_ticket_end_date":"","_tribe_ticket_show_description":"","_tribe_ticket_show_not_going":false,"_tribe_ticket_use_global_stock":"","_tribe_ticket_global_stock_level":"","_global_stock_mode":"","_global_stock_cap":"","_tribe_rsvp_for_event":"","_tribe_ticket_going_count":"","_tribe_ticket_not_going_count":"","_tribe_tickets_list":"[]","_tribe_ticket_has_attendee_info_fields":false,"_mc_calendar":[],"footnotes":"","_tec_slr_enabled":"","_tec_slr_layout":""},"class_list":["post-1186","page","type-page","status-publish","hentry"],"ticketed":false,"_links":{"self":[{"href":"https:\/\/migract.msh-vdl.fr\/index.php?rest_route=\/wp\/v2\/pages\/1186","targetHints":{"allow":["GET"]}}],"collection":[{"href":"https:\/\/migract.msh-vdl.fr\/index.php?rest_route=\/wp\/v2\/pages"}],"about":[{"href":"https:\/\/migract.msh-vdl.fr\/index.php?rest_route=\/wp\/v2\/types\/page"}],"author":[{"embeddable":true,"href":"https:\/\/migract.msh-vdl.fr\/index.php?rest_route=\/wp\/v2\/users\/5"}],"replies":[{"embeddable":true,"href":"https:\/\/migract.msh-vdl.fr\/index.php?rest_route=%2Fwp%2Fv2%2Fcomments&post=1186"}],"version-history":[{"count":34,"href":"https:\/\/migract.msh-vdl.fr\/index.php?rest_route=\/wp\/v2\/pages\/1186\/revisions"}],"predecessor-version":[{"id":3268,"href":"https:\/\/migract.msh-vdl.fr\/index.php?rest_route=\/wp\/v2\/pages\/1186\/revisions\/3268"}],"wp:attachment":[{"href":"https:\/\/migract.msh-vdl.fr\/index.php?rest_route=%2Fwp%2Fv2%2Fmedia&parent=1186"}],"curies":[{"name":"wp","href":"https:\/\/api.w.org\/{rel}","templated":true}]}}