{"id":2195,"date":"2023-09-04T16:32:54","date_gmt":"2023-09-04T14:32:54","guid":{"rendered":"https:\/\/migract.msh-vdl.fr\/?page_id=2195"},"modified":"2023-09-07T11:57:41","modified_gmt":"2023-09-07T09:57:41","slug":"samira-negrouche","status":"publish","type":"page","link":"https:\/\/migract.msh-vdl.fr\/?page_id=2195","title":{"rendered":"Samira Negrouche"},"content":{"rendered":"\t\t<div data-elementor-type=\"wp-page\" data-elementor-id=\"2195\" class=\"elementor elementor-2195\">\n\t\t\t\t\t\t<section class=\"elementor-section elementor-top-section elementor-element elementor-element-6c6ec9f elementor-section-boxed elementor-section-height-default elementor-section-height-default\" data-id=\"6c6ec9f\" data-element_type=\"section\" data-e-type=\"section\">\n\t\t\t\t\t\t<div class=\"elementor-container elementor-column-gap-default\">\n\t\t\t\t\t<div class=\"elementor-column elementor-col-50 elementor-top-column elementor-element elementor-element-e959118\" data-id=\"e959118\" data-element_type=\"column\" data-e-type=\"column\">\n\t\t\t<div class=\"elementor-widget-wrap elementor-element-populated\">\n\t\t\t\t\t\t<div class=\"elementor-element elementor-element-26d0b2f elementor-widget elementor-widget-image\" data-id=\"26d0b2f\" data-element_type=\"widget\" data-e-type=\"widget\" data-widget_type=\"image.default\">\n\t\t\t\t<div class=\"elementor-widget-container\">\n\t\t\t\t\t\t\t\t\t\t\t\t\t\t\t<img fetchpriority=\"high\" decoding=\"async\" width=\"740\" height=\"631\" src=\"https:\/\/migract.msh-vdl.fr\/wp-content\/uploads\/2023\/08\/samira2.jpg\" class=\"attachment-large size-large wp-image-1590\" alt=\"\" sizes=\"100vw\" \/>\t\t\t\t\t\t\t\t\t\t\t\t\t\t\t<\/div>\n\t\t\t\t<\/div>\n\t\t\t\t\t<\/div>\n\t\t<\/div>\n\t\t\t\t<div class=\"elementor-column elementor-col-50 elementor-top-column elementor-element elementor-element-ca752a7\" data-id=\"ca752a7\" data-element_type=\"column\" data-e-type=\"column\">\n\t\t\t<div class=\"elementor-widget-wrap elementor-element-populated\">\n\t\t\t\t\t\t<div class=\"elementor-element elementor-element-7afb4b4 elementor-widget elementor-widget-text-editor\" data-id=\"7afb4b4\" data-element_type=\"widget\" data-e-type=\"widget\" data-widget_type=\"text-editor.default\">\n\t\t\t\t<div class=\"elementor-widget-container\">\n\t\t\t\t\t\t\t\t\t<p>Po\u00e8te et traductrice (fran\u00e7ais, arabe, berb\u00e8re, anglais\u2026). Elle aime les collaborations avec d\u2019autres artistes, vid\u00e9aste, musiciens, peintres,<br \/>danseurs.<\/p><p>Elle participe r\u00e9guli\u00e8rement \u00e0 des festivals. Elle est membre du comit\u00e9 international des \u00ab\u00a0Voix de la M\u00e9diterran\u00e9e\u00a0\u00bb, secr\u00e9taire de l\u2019Algeria PEN Club et fondatrice de l\u2019association CADMOS pour la pr\u00e9servation du patrimoine culturel m\u00e9diterran\u00e9en.<\/p>\t\t\t\t\t\t\t\t<\/div>\n\t\t\t\t<\/div>\n\t\t\t\t\t<\/div>\n\t\t<\/div>\n\t\t\t\t\t<\/div>\n\t\t<\/section>\n\t\t\t\t<\/div>\n\t\t","protected":false},"excerpt":{"rendered":"<p>Po\u00e8te et traductrice (fran\u00e7ais, arabe, berb\u00e8re, anglais\u2026). Elle aime les collaborations avec d\u2019autres artistes, vid\u00e9aste, musiciens, peintres,danseurs. Elle participe r\u00e9guli\u00e8rement \u00e0 des festivals. Elle est membre du comit\u00e9 international des \u00ab\u00a0Voix de la M\u00e9diterran\u00e9e\u00a0\u00bb, secr\u00e9taire de l\u2019Algeria PEN Club et fondatrice de l\u2019association CADMOS pour la pr\u00e9servation du patrimoine culturel m\u00e9diterran\u00e9en.<\/p>\n","protected":false},"author":5,"featured_media":0,"parent":0,"menu_order":0,"comment_status":"closed","ping_status":"closed","template":"","meta":{"_price":"","_stock":"","_tribe_ticket_header":"","_tribe_default_ticket_provider":"","_ticket_start_date":"","_ticket_end_date":"","_tribe_ticket_show_description":"","_tribe_ticket_show_not_going":false,"_tribe_ticket_use_global_stock":"","_tribe_ticket_global_stock_level":"","_global_stock_mode":"","_global_stock_cap":"","_tribe_rsvp_for_event":"","_tribe_ticket_going_count":"","_tribe_ticket_not_going_count":"","_tribe_tickets_list":"[]","_tribe_ticket_has_attendee_info_fields":false,"_mc_calendar":[],"footnotes":"","_tec_slr_enabled":"","_tec_slr_layout":""},"class_list":["post-2195","page","type-page","status-publish","hentry"],"ticketed":false,"_links":{"self":[{"href":"https:\/\/migract.msh-vdl.fr\/index.php?rest_route=\/wp\/v2\/pages\/2195","targetHints":{"allow":["GET"]}}],"collection":[{"href":"https:\/\/migract.msh-vdl.fr\/index.php?rest_route=\/wp\/v2\/pages"}],"about":[{"href":"https:\/\/migract.msh-vdl.fr\/index.php?rest_route=\/wp\/v2\/types\/page"}],"author":[{"embeddable":true,"href":"https:\/\/migract.msh-vdl.fr\/index.php?rest_route=\/wp\/v2\/users\/5"}],"replies":[{"embeddable":true,"href":"https:\/\/migract.msh-vdl.fr\/index.php?rest_route=%2Fwp%2Fv2%2Fcomments&post=2195"}],"version-history":[{"count":7,"href":"https:\/\/migract.msh-vdl.fr\/index.php?rest_route=\/wp\/v2\/pages\/2195\/revisions"}],"predecessor-version":[{"id":2258,"href":"https:\/\/migract.msh-vdl.fr\/index.php?rest_route=\/wp\/v2\/pages\/2195\/revisions\/2258"}],"wp:attachment":[{"href":"https:\/\/migract.msh-vdl.fr\/index.php?rest_route=%2Fwp%2Fv2%2Fmedia&parent=2195"}],"curies":[{"name":"wp","href":"https:\/\/api.w.org\/{rel}","templated":true}]}}